 (-231)/(-22)*8/3. Calculate the greatest common factor of 42 and j.
14
Let r be 0 + 106/9 + 28/126. Calculate the greatest common divisor of r and 24.
12
Let u be (-2)/(4/(-2))*1. Let n be 5 - u - (-2 - -2). What is the highest common divisor of n and 6?
2
Let m = -20 - -24. Calculate the greatest common factor of m and 4.
4
Let b(i) = 3*i**2 + 5*i + 6. Let d be b(9). Let m = d - 210. What is the highest common factor of 12 and m?
12
Let l be -3*(4/(-2) + 3). Let x(y) = y**2 + y. Let t be x(l). Suppose q - t - 4 = -2*d, 2*q + d = 23. What is the highest common factor of q and 84?
12
Let l = 6 + 6. Calculate the highest common divisor of 96 and l.
12
Suppose 19 + 29 = g. Calculate the highest common divisor of 12 and g.
12
Suppose 3*p - 11 = 73. What is the highest common factor of 126 and p?
14
Let t(s) = s**2 - 3*s - 5. Let f be t(5). Suppose -f*j + 375 = -25. What is the highest common factor of j and 8?
8
Let w = 8 - -2. Let s = 4 - w. Let k be (26/8)/(s/(-24)). Calculate the highest common divisor of 91 and k.
13
Let j(k) = -k**3 - 8*k**2 - 8*k + 16. Let z be j(-7). Calculate the greatest common divisor of 69 and z.
23
Let o = -2 + 4. Let t be o/(-9) - 1902/(-54). Calculate the greatest common factor of t and 14.
7
Let n be 0 - 0 - 26*-2. Let l = -584 + 597. Calculate the highest common factor of n and l.
13
Suppose -120 = -5*k - 4*o, 4*k = 5*o + 71 + 66. Suppose 0*z + z - k = 0. What is the highest common divisor of 4 and z?
4
Let a be (1/2)/((-1)/(-88)*4). Let q(z) = -z**2 - z + 11. Let j be q(0). Calculate the highest common divisor of a and j.
11
Suppose -4*z + 2*c = 2, 2*c - 7*c = 3*z - 31. Let g(t) = 1 - 2*t + z - 2. Let a be g(-1). What is the greatest common factor of 24 and a?
3
Suppose 2*f + 0*f = 16. Let w(o) = -o**2 + 9*o + 5. Let y be w(f). Calculate the greatest common divisor of 13 and y.
13
Let g = 165 + -154. What is the highest common divisor of g and 11?
11
Let h = -12 + 30. What is the highest common factor of 18 and h?
18
Let i be 5/(-20) - 114/(-8). Suppose 8*w + i = 2*m + 4*w, 5*w + 1 = -3*m. Let l be ((-27)/(-2))/(1/2). Calculate the highest common divisor of l and m.
3
Let r = -25 + 35. Suppose 2*q + 2 = -2, -2*t + r = 4*q. Calculate the greatest common factor of 3 and t.
3
Let w(x) = 13*x + 9. Let s be w(7). What is the greatest common divisor of 40 and s?
20
Let f = -5 + 9. Suppose -5*t + f*x = -23, -t + x + 2*x = -9. What is the greatest common factor of t and 21?
3
Suppose 4*b = b. Suppose b = 3*x + 2*x - 105. Calculate the highest common factor of 147 and x.
21
Let j be (0 - 1 - -4) + -3. Suppose 4*q + 16 = -s, -2*s - 9 = 5*q + 8. Suppose -s*r + j*r = -40. Calculate the greatest common divisor of 90 and r.
10
Let f(x) = -x**2 + 10*x - 12. Let h be f(8). Suppose -3 - 5 = -h*u. What is the highest common factor of u and 6?
2
Let p(y) = 8*y + 3. Let x be p(4). Suppose 13 = 2*c + 4*a - 7, c = 4*a + 22. Calculate the greatest common factor of c and x.
7
Suppose 5*z - z = 3*v - 70, 0 = -5*z + 25. Let g = -28 - -73. What is the greatest common divisor of v and g?
15
Let l(m) = 3*m**2 - 1. Let j be l(-1). Suppose -3*c = j*c - 10. Let h be (-1 + c + -13)*-1. What is the greatest common factor of 36 and h?
12
Let j = 75 + 128. Calculate the highest common divisor of j and 7.
7
Let a(y) = 6*y**2 + y. Let j be a(2). Calculate the greatest common divisor of j and 78.
26
Let q = -3 + 4. Let n be q/5 - 1536/(-20). Calculate the greatest common factor of 7 and n.
7
Suppose j + 13 = -1. Let h = 14 - j. What is the greatest common divisor of h and 70?
14
Suppose -m - 30 = 4*m. Let q be m/9*63/(-6). Calculate the highest common factor of 28 and q.
7
Let r = 43 + 6. What is the greatest common factor of r and 147?
49
Suppose 142 = 5*b - 33. What is the greatest common divisor of b and 7?
7
Suppose 0 = i - 5 - 5. Let k = 0 + 4. What is the greatest common divisor of k and i?
2
Suppose -30 = -2*v - 0. Suppose -3*o + 8*o - v = 0. Let d = o - -15. Calculate the highest common divisor of d and 45.
9
Let g be (-5 - -2)/15 - (-355)/25. Calculate the highest common factor of 35 and g.
7
Suppose h - 33 = 5*h - 5*j, -4*h - j - 3 = 0. Let g be 3/(h + -1) + 91. What is the greatest common divisor of g and 10?
10
Let r(a) = a**2 + a + 7. Let g be r(0). Calculate the highest common divisor of 35 and g.
7
Suppose 4*i = 2*i + 8. Suppose 0 - 28 = -i*p. What is the greatest common divisor of p and 35?
7
Let z be -3 + 4 + 1*8. Suppose 3*y + b = -z, 4*y - 12 = 8*y + b. Let t be (-1)/y + 164/12. What is the greatest common factor of t and 35?
7
Let z(w) = -w**3 + 6*w**2 + 2*w - 3. Let k be z(3). Suppose 6*c = 209 + 241. What is the greatest common factor of k and c?
15
Let a(u) = -16*u**2 + 10*u - 4. Let n(b) = -5*b**2 + 3*b - 1. Let c(t) = 2*a(t) - 7*n(t). Let l be c(-2). What is the highest common factor of 26 and l?
13
Let f(d) = -d**2 - 6*d + 8. Let a(n) = n**3 + 10*n**2 - 9*n + 16. Let q be a(-11). Let x be f(q). What is the highest common factor of x and 12?
4
Let s = -56 - -73. Calculate the highest common factor of 1 and s.
1
Let d = -49 - -121. What is the highest common divisor of d and 8?
8
Let m be -2*(2 + -1)*-13. Calculate the highest common divisor of m and 286.
26
Let d = -4 + 12. Suppose -5*u = -5*a + a + 251, 5*u = a - 59. What is the greatest common divisor of a and d?
8
Let q(v) = -v**3 + 9*v**2 - 5*v - 6. Let b be q(8). What is the highest common factor of b and 4?
2
Let s = 75 + -15. Calculate the greatest common factor of 150 and s.
30
Let w = 32 + 122. Suppose 4*c - w = 3*p, 4*p - 59 = -c - 11. What is the greatest common divisor of c and 10?
10
Let w be (3*-1)/(33/(-143)). What is the greatest common factor of w and 52?
13
Let x(f) = -f**3 - 11*f**2 - 2*f + 4. Let t be x(-11). Let j = 142 + 92. What is the highest common divisor of j and t?
26
Suppose 0 = 4*n - u - 72, 3*u + 0*u = 0. Suppose 2*v = -v + 9. Let r be v/(-5) + (-13)/(-5). What is the greatest common factor of n and r?
2
Let q be (0 + 2)/(6/141). Suppose 4*r = 399 - q. Let j(t) = 7*t - 17. Let a be j(4). Calculate the greatest common divisor of a and r.
11
Let q be 1*11 + (-3 - 1 - -7). Calculate the highest common divisor of q and 6.
2
Suppose -5*v = -53 - 82. Calculate the highest common factor of v and 27.
27
Let z(h) = 2*h**2 - 5*h + 3. Suppose w - 20 = -4*w. Let t be z(w). What is the highest common divisor of 10 and t?
5
Let l = -32 - -36. Calculate the highest common divisor of 16 and l.
4
Let y(k) = -3*k**2 + k - 2*k**2 + 4*k**2 + 1. Let m = 5 - 4. Let n be y(m). What is the greatest common factor of 2 and n?
1
Let j(b) = b**3 + 3 - 2 - 3*b**2 + 2*b - 4. Let r be j(3). Suppose 4 = -4*k, r*s = 6*s - 5*k - 20. Calculate the greatest common factor of 25 and s.
5
Let g be (-9)/2*4/6. Let w be (2/1)/(g/(-9)). Suppose 2*h + 72 = w*h. What is the highest common factor of h and 45?
9
Let f = 25 - 15. Suppose 7*x - f*x = -21. Calculate the greatest common factor of 56 and x.
7
Suppose -p + 5*w = -31, 2*p + p - 53 = 5*w. What is the highest common divisor of 11 and p?
11
Let j = -7 + 6. Let h = j + 4. What is the greatest common factor of h and 12?
3
Let v be 92/6 - (-2)/3. Suppose m = -0*m + v. What is the highest common divisor of m and 4?
4
Suppose b = -2*c + 17, -5*b = -0*c - 3*c - 150. What is the greatest common divisor of b and 9?
9
Let h be ((-39)/(-12))/(1/4). Calculate the highest common divisor of 117 and h.
13
Suppose -5*u + 4*y + 1006 = 0, 0 = -3*y + y - 8. Calculate the greatest common factor of u and 18.
18
Let l = -37 + 19. Let a = 31 + l. Suppose 0 = -5*x - 10, 3*u + 2*u - 3*x = 526. What is the greatest common divisor of a and u?
13
Suppose 3*s = f + 10, 5*s - 30 = -7*f + 2*f. Let d(q) = 6*q. Let z be d(s). What is the greatest common divisor of 12 and z?
12
Let o(n) = -n - 54. Let g be o(0). Let i = -5 + 103. Let c = g + i. What is the highest common divisor of c and 11?
11
Let k(h) = 2*h. Let a be k(2). Suppose -65 + 1 = -4*n. Suppose -2*m + 2*x = -10 - n, -3*m - x = -19. Calculate the greatest common divisor of m and a.
4
Suppose -2*c + 48 = 2*c. Let n = -32 + 56. Calculate the greatest common divisor of n and c.
12
Let x be (-2)/(-2*(-3)/(-12)). Let i(k) = 5*k**2 - 4*k + 6. Let j be i(x). Suppose -5*y + 0*y = -j. What is the greatest comm